{"id":30,"date":"2024-08-12T10:55:26","date_gmt":"2024-08-12T10:55:26","guid":{"rendered":"https:\/\/aesbvizela.edu.gov.pt\/?page_id=30"},"modified":"2025-04-15T14:01:52","modified_gmt":"2025-04-15T14:01:52","slug":"erasmus","status":"publish","type":"page","link":"https:\/\/aesbvizela.edu.gov.pt\/?page_id=30","title":{"rendered":"Erasmus +"},"content":{"rendered":"\n<div class=\"wp-block-columns is-layout-flex wp-container-core-columns-is-layout-28f84493 wp-block-columns-is-layout-flex\">\n<div class=\"wp-block-column is-layout-flow wp-block-column-is-layout-flow\">\n<figure class=\"wp-block-image aligncenter size-large is-resized\"><img loading=\"lazy\" decoding=\"async\" width=\"1024\" height=\"362\" src=\"https:\/\/aesbvizela.edu.gov.pt\/wp-content\/uploads\/2024\/08\/ANEEF__logo__v01_cor-1-1024x362.png\" alt=\"\" class=\"wp-image-32\" style=\"width:418px;height:auto\" srcset=\"https:\/\/aesbvizela.edu.gov.pt\/wp-content\/uploads\/2024\/08\/ANEEF__logo__v01_cor-1-1024x362.png 1024w, https:\/\/aesbvizela.edu.gov.pt\/wp-content\/uploads\/2024\/08\/ANEEF__logo__v01_cor-1-300x106.png 300w, https:\/\/aesbvizela.edu.gov.pt\/wp-content\/uploads\/2024\/08\/ANEEF__logo__v01_cor-1-768x271.png 768w, https:\/\/aesbvizela.edu.gov.pt\/wp-content\/uploads\/2024\/08\/ANEEF__logo__v01_cor-1-1536x543.png 1536w, https:\/\/aesbvizela.edu.gov.pt\/wp-content\/uploads\/2024\/08\/ANEEF__logo__v01_cor-1-2048x723.png 2048w\" sizes=\"auto, (max-width: 1024px) 100vw, 1024px\" \/><\/figure>\n<\/div>\n\n\n\n<div class=\"wp-block-column is-layout-flow wp-block-column-is-layout-flow\">\n<figure class=\"wp-block-image aligncenter size-large is-resized\"><img loading=\"lazy\" decoding=\"async\" width=\"1024\" height=\"183\" src=\"https:\/\/aesbvizela.edu.gov.pt\/wp-content\/uploads\/2024\/08\/Cofinanciado-pela-Uniao-Europeia_POS-Horizontal-1024x183.png\" alt=\"\" class=\"wp-image-33\" style=\"width:677px;height:auto\" srcset=\"https:\/\/aesbvizela.edu.gov.pt\/wp-content\/uploads\/2024\/08\/Cofinanciado-pela-Uniao-Europeia_POS-Horizontal-1024x183.png 1024w, https:\/\/aesbvizela.edu.gov.pt\/wp-content\/uploads\/2024\/08\/Cofinanciado-pela-Uniao-Europeia_POS-Horizontal-300x54.png 300w, https:\/\/aesbvizela.edu.gov.pt\/wp-content\/uploads\/2024\/08\/Cofinanciado-pela-Uniao-Europeia_POS-Horizontal-768x137.png 768w, https:\/\/aesbvizela.edu.gov.pt\/wp-content\/uploads\/2024\/08\/Cofinanciado-pela-Uniao-Europeia_POS-Horizontal-1536x275.png 1536w, https:\/\/aesbvizela.edu.gov.pt\/wp-content\/uploads\/2024\/08\/Cofinanciado-pela-Uniao-Europeia_POS-Horizontal-2048x366.png 2048w\" sizes=\"auto, (max-width: 1024px) 100vw, 1024px\" \/><\/figure>\n<\/div>\n<\/div>\n\n\n\n<p>N.\u00ba Projeto &gt; 2024-1-PT01_KA122-SCH-000230653<\/p>\n\n\n\n<p class=\"has-large-font-size\"><strong>Constru\u00e7\u00e3o de Horizontes de Aprendizagens: Nas Asas da Inova\u00e7\u00e3o e da Inclus\u00e3o<\/strong><\/p>\n\n\n\n<p>Dura\u00e7\u00e3o &gt; 01.set&#8217;24 &#8211; 28.fev&#8217;26 (18 meses)<\/p>\n\n\n\n<p><strong>Equipa Erasmus+<\/strong><\/p>\n\n\n\n<p>Concei\u00e7\u00e3o Marinho<\/p>\n\n\n\n<p>Filipe Pereira<\/p>\n\n\n\n<p>Judite Soares<\/p>\n\n\n\n<p>Manuel Abreu<\/p>\n\n\n\n<figure class=\"wp-block-image aligncenter size-large\"><img loading=\"lazy\" decoding=\"async\" width=\"1024\" height=\"410\" src=\"https:\/\/aesbvizela.edu.gov.pt\/wp-content\/uploads\/2025\/04\/banner_erasmus2425_doc_criteriosselecao-1024x410.jpg\" alt=\"\" class=\"wp-image-1576\" srcset=\"https:\/\/aesbvizela.edu.gov.pt\/wp-content\/uploads\/2025\/04\/banner_erasmus2425_doc_criteriosselecao-1024x410.jpg 1024w, https:\/\/aesbvizela.edu.gov.pt\/wp-content\/uploads\/2025\/04\/banner_erasmus2425_doc_criteriosselecao-300x120.jpg 300w, https:\/\/aesbvizela.edu.gov.pt\/wp-content\/uploads\/2025\/04\/banner_erasmus2425_doc_criteriosselecao-768x307.jpg 768w, https:\/\/aesbvizela.edu.gov.pt\/wp-content\/uploads\/2025\/04\/banner_erasmus2425_doc_criteriosselecao.jpg 1182w\" sizes=\"auto, (max-width: 1024px) 100vw, 1024px\" \/><\/figure>\n\n\n\n<h2 class=\"wp-block-heading\"><strong>Regulamento de candidatura<\/strong> <strong>de Pessoal Docente e N\u00e3o Docente<\/strong> <strong>para mobilidades Erasmus+ do aeSB<\/strong><\/h2>\n\n\n\n<p>Cumprindo-se o artigo 9.\u00ba do Regulamento do Programa Erasmus+ do aeSB, Processo de candidatura e de sele\u00e7\u00e3o para per\u00edodos de ensino e forma\u00e7\u00e3o, apresentam-se as seguintes mobilidades e respetivos crit\u00e9rios de sele\u00e7\u00e3o.<\/p>\n\n\n\n<p class=\"has-text-align-center\"><strong>Mobilidades<\/strong>:<\/p>\n\n\n\n<p>&gt; Trieste (It\u00e1lia) &gt; <strong>11 a 18.maio&#8217;25<\/strong> &gt; Metodolog\u00edas Innovadoras e Interactivas para la educaci\u00f3n en cambio clim\u00e1tico y transici\u00f3n energ\u00e9tic (forma\u00e7\u00e3o ministrada em espanhol)&gt; 3 pax<\/p>\n\n\n\n<p>&gt; Bruxelas (B\u00e9lgica) &gt; <strong>06 a 12.julho&#8217;25<\/strong> &gt; Belgian education in the footsteps Erasmus &gt; 6 pax<\/p>\n\n\n\n<p>&gt; Heclarion (Creta) &gt; <strong>20 a 26.julho&#8217;25<\/strong> &gt; ICT in Outdoor &amp; Adventure Inclusive Education: Discover Greek History, Arts &amp; Culture &gt; 6 pax<\/p>\n\n\n\n<p>&gt; Split (Cro\u00e1cia) &gt; <strong>06 a 12.set&#8217;25<\/strong> &gt; Soft Skills for the 21st Century: 4Cs \u2013 Communication, Collaboration, Critical Thinking, Creativity &gt; 4 pax<\/p>\n\n\n\n<p><\/p>\n\n\n\n<p class=\"has-text-align-center\"><strong>Crit\u00e9rios &gt; Docentes<\/strong><\/p>\n\n\n\n<ol start=\"1\" class=\"wp-block-list\">\n<li>Os elementos da Equipa Erasmus+, Coordenador de Projetos Erasmus e elementos da Dire\u00e7\u00e3o do aeSB (40 pontos)<\/li>\n<\/ol>\n\n\n\n<ol start=\"2\" class=\"wp-block-list\">\n<li>Ter cargo de gest\u00e3o de lideran\u00e7a interm\u00e9dia (Coordena\u00e7\u00f5es; Diretores de Turma) (15 pontos)<\/li>\n\n\n\n<li>Compromisso com a implementa\u00e7\u00e3o do plano de dissemina\u00e7\u00e3o (partilha de pr\u00e1ticas\/aprendizagens, workshop no Agrupamento) e compromisso com a pr\u00e1tica pedag\u00f3gica na sala de aula (20 pontos)<\/li>\n\n\n\n<li>Ser Professor do Quadro de Escola do Agrupamento (15 pontos)<\/li>\n\n\n\n<li>Maior tempo de servi\u00e7o no agrupamento (10 pontos)<\/li>\n<\/ol>\n\n\n\n<p><em><strong>Fator de desempate &gt; ordem de inscri\u00e7\u00e3o<\/strong><\/em><\/p>\n\n\n\n<p class=\"has-text-align-center\"><strong>Crit\u00e9rios &gt; Pessoal N\u00e3o Docentes<\/strong><\/p>\n\n\n\n<ol start=\"1\" class=\"wp-block-list\">\n<li>Ter cargo de gest\u00e3o\/coordena\u00e7\u00e3o (40 pontos)<\/li>\n\n\n\n<li>Compromisso com a implementa\u00e7\u00e3o do plano de dissemina\u00e7\u00e3o (partilha de pr\u00e1ticas\/aprendizagens, workshop no Agrupamento) (20 pontos)<\/li>\n\n\n\n<li>Compet\u00eancias TIC (20 pontos)<\/li>\n\n\n\n<li>Tempo servi\u00e7o no Agrupamento (20 pontos)<\/li>\n<\/ol>\n\n\n\n<p><em><strong>Fator de desempate &gt; ordem de inscri\u00e7\u00e3o<\/strong><\/em><\/p>\n\n\n\n<p class=\"has-text-align-center\">Pessoal Docente ><a href=\"https:\/\/docs.google.com\/forms\/d\/e\/1FAIpQLSeI1pjIViN4Y9lRdJ696Y1whxZeRjChRNZhISvGCsREU17xJA\/viewform?usp=dialog\" target=\"_blank\" rel=\"noreferrer noopener\"> Link de inscri\u00e7\u00e3o<\/a> (data 15 a 18.abril&#8217;25 > 18H00)<\/p>\n\n\n\n<p class=\"has-text-align-center\">Pessoal N\u00e3o Docente > <a href=\"https:\/\/docs.google.com\/forms\/d\/e\/1FAIpQLScea7VwPktu7k86ECOqY5Y5DH93p_40jSwXF_dPjnUXTv-D1g\/viewform?usp=dialog\" target=\"_blank\" rel=\"noreferrer noopener\">Link de inscri\u00e7\u00e3o<\/a> (data 15 a 18.abril > 18H00)<\/p>\n\n\n\n<p><\/p>\n","protected":false},"excerpt":{"rendered":"<p>N.\u00ba Projeto &gt; 2024-1-PT01_KA122-SCH-000230653 Constru\u00e7\u00e3o de Horizontes de Aprendizagens: Nas Asas da Inova\u00e7\u00e3o e da Inclus\u00e3o Dura\u00e7\u00e3o &gt; 01.set&#8217;24 &#8211; 28.fev&#8217;26 (18 meses) Equipa Erasmus+ Concei\u00e7\u00e3o Marinho Filipe Pereira Judite Soares Manuel Abreu Regulamento de candidatura de Pessoal Docente e N\u00e3o Docente para mobilidades Erasmus+ do aeSB Cumprindo-se o artigo 9.\u00ba do Regulamento do Programa&#8230;<\/p>\n","protected":false},"author":1,"featured_media":0,"parent":0,"menu_order":0,"comment_status":"closed","ping_status":"closed","template":"","meta":{"footnotes":""},"class_list":["post-30","page","type-page","status-publish","hentry"],"_links":{"self":[{"href":"https:\/\/aesbvizela.edu.gov.pt\/index.php?rest_route=\/wp\/v2\/pages\/30","targetHints":{"allow":["GET"]}}],"collection":[{"href":"https:\/\/aesbvizela.edu.gov.pt\/index.php?rest_route=\/wp\/v2\/pages"}],"about":[{"href":"https:\/\/aesbvizela.edu.gov.pt\/index.php?rest_route=\/wp\/v2\/types\/page"}],"author":[{"embeddable":true,"href":"https:\/\/aesbvizela.edu.gov.pt\/index.php?rest_route=\/wp\/v2\/users\/1"}],"replies":[{"embeddable":true,"href":"https:\/\/aesbvizela.edu.gov.pt\/index.php?rest_route=%2Fwp%2Fv2%2Fcomments&post=30"}],"version-history":[{"count":7,"href":"https:\/\/aesbvizela.edu.gov.pt\/index.php?rest_route=\/wp\/v2\/pages\/30\/revisions"}],"predecessor-version":[{"id":1583,"href":"https:\/\/aesbvizela.edu.gov.pt\/index.php?rest_route=\/wp\/v2\/pages\/30\/revisions\/1583"}],"wp:attachment":[{"href":"https:\/\/aesbvizela.edu.gov.pt\/index.php?rest_route=%2Fwp%2Fv2%2Fmedia&parent=30"}],"curies":[{"name":"wp","href":"https:\/\/api.w.org\/{rel}","templated":true}]}}