{"id":3550,"date":"2026-04-27T01:35:11","date_gmt":"2026-04-27T01:35:11","guid":{"rendered":"https:\/\/aesbvizela.edu.gov.pt\/?page_id=3550"},"modified":"2026-04-27T01:37:33","modified_gmt":"2026-04-27T01:37:33","slug":"academia-digital-para-pais","status":"publish","type":"page","link":"https:\/\/aesbvizela.edu.gov.pt\/?page_id=3550","title":{"rendered":"ADP"},"content":{"rendered":"\n<h3 class=\"wp-block-heading has-text-align-center\"><strong>ACADEMIA DIGITAL PARA PAIS<\/strong><\/h3>\n\n\n\n<p>O Programa Academia Digital para Pais (ADP) \u00e9 uma iniciativa da E\u2010REDES, desenvolvida em parceria com o Instituto de Educa\u00e7\u00e3o, Qualidade e Avalia\u00e7\u00e3o, I.P. (EduQA, I.P.), que d\u00e1 a possibilidade aos pais e aos encarregados de educa\u00e7\u00e3o, de alunos do ensino b\u00e1sico e do ensino secund\u00e1rio, de frequentarem a\u00e7\u00f5es de forma\u00e7\u00e3o promotoras de compet\u00eancias digitais.<\/p>\n\n\n\n<p>A Estrat\u00e9gia Digital Nacional (EDN), aprovada pela Resolu\u00e7\u00e3o do Conselho de Ministros n.\u00ba 207\/2024, de 30 de dezembro, estabelece uma vis\u00e3o transversal e integrada para a transforma\u00e7\u00e3o digital at\u00e9 2030, centrada nas pessoas \u2013 inclus\u00e3o, participa\u00e7\u00e3o ativa, educa\u00e7\u00e3o e capacita\u00e7\u00e3o digital; nas empresas \u2013 competitividade, inova\u00e7\u00e3o, ecossistema colaborativo; na moderniza\u00e7\u00e3o do Estado; e na expans\u00e3o das infraestruturas tecnol\u00f3gicas.<\/p>\n\n\n\n<p>Complementarmente, o Plano de A\u00e7\u00e3o 2025-26, aprovado na mesma Resolu\u00e7\u00e3o do Conselho de Ministros, operacionaliza a EDN. Estes diplomas refletem o compromisso do Estado portugu\u00eas em garantir que todos os cidad\u00e3os tenham acesso equitativo \u00e0s tecnologias digitais, promovendo a literacia digital, a igualdade de oportunidades e a competitividade econ\u00f3mica num contexto de transi\u00e7\u00e3o tecnol\u00f3gica acelerada. Neste contexto, a ADP pretende continuar a dotar as fam\u00edlias de compet\u00eancias digitais b\u00e1sicas que facilitem o acompanhamento escolar dos filhos e ainda lhes facultem ferramentas essenciais \u00e0 integra\u00e7\u00e3o na sociedade atual. O programa continua, tamb\u00e9m, a promover uma utiliza\u00e7\u00e3o segura da Internet e dos dispositivos digitais.<\/p>\n\n\n\n<div class=\"wp-block-columns is-layout-flex wp-container-core-columns-is-layout-28f84493 wp-block-columns-is-layout-flex\">\n<div class=\"wp-block-column is-layout-flow wp-block-column-is-layout-flow\" style=\"flex-basis:66.66%\">\n<figure class=\"wp-block-image aligncenter size-large is-resized\"><img loading=\"lazy\" decoding=\"async\" width=\"601\" height=\"1024\" src=\"https:\/\/aesbvizela.edu.gov.pt\/wp-content\/uploads\/2026\/04\/Captura-de-ecra-2026-03-09-as-10.11.55-601x1024.png\" alt=\"\" class=\"wp-image-3552\" style=\"aspect-ratio:0.5869239727166861;width:557px;height:auto\" srcset=\"https:\/\/aesbvizela.edu.gov.pt\/wp-content\/uploads\/2026\/04\/Captura-de-ecra-2026-03-09-as-10.11.55-601x1024.png 601w, https:\/\/aesbvizela.edu.gov.pt\/wp-content\/uploads\/2026\/04\/Captura-de-ecra-2026-03-09-as-10.11.55-176x300.png 176w, https:\/\/aesbvizela.edu.gov.pt\/wp-content\/uploads\/2026\/04\/Captura-de-ecra-2026-03-09-as-10.11.55-768x1307.png 768w, https:\/\/aesbvizela.edu.gov.pt\/wp-content\/uploads\/2026\/04\/Captura-de-ecra-2026-03-09-as-10.11.55.png 894w\" sizes=\"auto, (max-width: 601px) 100vw, 601px\" \/><\/figure>\n<\/div>\n\n\n\n<div class=\"wp-block-column is-layout-flow wp-block-column-is-layout-flow\" style=\"flex-basis:33.33%\">\n<p>Com a ADP pretende\u2010se que as fam\u00edlias desenvolvam atitudes cr\u00edticas, refletidas e respons\u00e1veis no uso de tecnologias, ambientes e servi\u00e7os digitais, que desenvolvam compet\u00eancias de pesquisa e de an\u00e1lise de informa\u00e7\u00e3o dispon\u00edvel na Internet e que melhorem as capacidades de comunicar de forma adequada, aquando da utiliza\u00e7\u00e3o de dispositivos e de recursos digitais. Pretende-se tamb\u00e9m ajudar as fam\u00edlias a adotarem atitudes cr\u00edticas e conscientes, permitindo-lhes tomar decis\u00f5es que favore\u00e7am a poupan\u00e7a de energia e um consumo adequado de recursos naturais. Numa fase de acentuada digitaliza\u00e7\u00e3o da sociedade, tamb\u00e9m as escolas se encontram envolvidas em processos de moderniza\u00e7\u00e3o tecnol\u00f3gica, n\u00e3o s\u00f3 numa \u00f3tica de desenvolvimento organizacional, mas tamb\u00e9m com o intuito de fomentar a inova\u00e7\u00e3o e o desenvolvimento do sistema educativo, atrav\u00e9s da integra\u00e7\u00e3o transversal das tecnologias digitais nas diferentes \u00e1reas curriculares dos ensinos b\u00e1sico e secund\u00e1rio, com vista \u00e0 melhoria cont\u00ednua da qualidade das aprendizagens. Como tal, \u00e9 fundamental que pais e encarregados de educa\u00e7\u00e3o estejam capacitados e aptos a acompanharem os seus filhos numa utiliza\u00e7\u00e3o segura e saud\u00e1vel das tecnologias digitais e da Internet.<\/p>\n<\/div>\n<\/div>\n\n\n\n<p><\/p>\n\n\n\n<p><\/p>\n","protected":false},"excerpt":{"rendered":"<p>ACADEMIA DIGITAL PARA PAIS O Programa Academia Digital para Pais (ADP) \u00e9 uma iniciativa da E\u2010REDES, desenvolvida em parceria com o Instituto de Educa\u00e7\u00e3o, Qualidade e Avalia\u00e7\u00e3o, I.P. (EduQA, I.P.), que d\u00e1 a possibilidade aos pais e aos encarregados de educa\u00e7\u00e3o, de alunos do ensino b\u00e1sico e do ensino secund\u00e1rio, de frequentarem a\u00e7\u00f5es de forma\u00e7\u00e3o&#8230;<\/p>\n","protected":false},"author":1,"featured_media":3551,"parent":253,"menu_order":0,"comment_status":"closed","ping_status":"closed","template":"","meta":{"footnotes":""},"class_list":["post-3550","page","type-page","status-publish","has-post-thumbnail","hentry"],"_links":{"self":[{"href":"https:\/\/aesbvizela.edu.gov.pt\/index.php?rest_route=\/wp\/v2\/pages\/3550","targetHints":{"allow":["GET"]}}],"collection":[{"href":"https:\/\/aesbvizela.edu.gov.pt\/index.php?rest_route=\/wp\/v2\/pages"}],"about":[{"href":"https:\/\/aesbvizela.edu.gov.pt\/index.php?rest_route=\/wp\/v2\/types\/page"}],"author":[{"embeddable":true,"href":"https:\/\/aesbvizela.edu.gov.pt\/index.php?rest_route=\/wp\/v2\/users\/1"}],"replies":[{"embeddable":true,"href":"https:\/\/aesbvizela.edu.gov.pt\/index.php?rest_route=%2Fwp%2Fv2%2Fcomments&post=3550"}],"version-history":[{"count":4,"href":"https:\/\/aesbvizela.edu.gov.pt\/index.php?rest_route=\/wp\/v2\/pages\/3550\/revisions"}],"predecessor-version":[{"id":3556,"href":"https:\/\/aesbvizela.edu.gov.pt\/index.php?rest_route=\/wp\/v2\/pages\/3550\/revisions\/3556"}],"up":[{"embeddable":true,"href":"https:\/\/aesbvizela.edu.gov.pt\/index.php?rest_route=\/wp\/v2\/pages\/253"}],"wp:featuredmedia":[{"embeddable":true,"href":"https:\/\/aesbvizela.edu.gov.pt\/index.php?rest_route=\/wp\/v2\/media\/3551"}],"wp:attachment":[{"href":"https:\/\/aesbvizela.edu.gov.pt\/index.php?rest_route=%2Fwp%2Fv2%2Fmedia&parent=3550"}],"curies":[{"name":"wp","href":"https:\/\/api.w.org\/{rel}","templated":true}]}}

<h3 class="wp-block-heading has-text-align-center"><strong>ACADEMIA DIGITAL PARA PAIS</strong></h3>



<p>O Programa Academia Digital para Pais (ADP) é uma iniciativa da E‐REDES, desenvolvida em parceria com o Instituto de Educação, Qualidade e Avaliação, I.P. (EduQA, I.P.), que dá a possibilidade aos pais e aos encarregados de educação, de alunos do ensino básico e do ensino secundário, de frequentarem ações de formação promotoras de competências digitais.</p>



<p>A Estratégia Digital Nacional (EDN), aprovada pela Resolução do Conselho de Ministros n.º 207/2024, de 30 de dezembro, estabelece uma visão transversal e integrada para a transformação digital até 2030, centrada nas pessoas – inclusão, participação ativa, educação e capacitação digital; nas empresas – competitividade, inovação, ecossistema colaborativo; na modernização do Estado; e na expansão das infraestruturas tecnológicas.</p>



<p>Complementarmente, o Plano de Ação 2025-26, aprovado na mesma Resolução do Conselho de Ministros, operacionaliza a EDN. Estes diplomas refletem o compromisso do Estado português em garantir que todos os cidadãos tenham acesso equitativo às tecnologias digitais, promovendo a literacia digital, a igualdade de oportunidades e a competitividade económica num contexto de transição tecnológica acelerada. Neste contexto, a ADP pretende continuar a dotar as famílias de competências digitais básicas que facilitem o acompanhamento escolar dos filhos e ainda lhes facultem ferramentas essenciais à integração na sociedade atual. O programa continua, também, a promover uma utilização segura da Internet e dos dispositivos digitais.</p>



<div class="wp-block-columns is-layout-flex wp-container-core-columns-is-layout-28f84493 wp-block-columns-is-layout-flex">
<div class="wp-block-column is-layout-flow wp-block-column-is-layout-flow" style="flex-basis:66.66%">
<figure class="wp-block-image aligncenter size-large is-resized"><img loading="lazy" decoding="async" width="601" height="1024" src="https://aesbvizela.edu.gov.pt/wp-content/uploads/2026/04/Captura-de-ecra-2026-03-09-as-10.11.55-601x1024.png" alt="" class="wp-image-3552" style="aspect-ratio:0.5869239727166861;width:557px;height:auto" srcset="https://aesbvizela.edu.gov.pt/wp-content/uploads/2026/04/Captura-de-ecra-2026-03-09-as-10.11.55-601x1024.png 601w, https://aesbvizela.edu.gov.pt/wp-content/uploads/2026/04/Captura-de-ecra-2026-03-09-as-10.11.55-176x300.png 176w, https://aesbvizela.edu.gov.pt/wp-content/uploads/2026/04/Captura-de-ecra-2026-03-09-as-10.11.55-768x1307.png 768w, https://aesbvizela.edu.gov.pt/wp-content/uploads/2026/04/Captura-de-ecra-2026-03-09-as-10.11.55.png 894w" sizes="auto, (max-width: 601px) 100vw, 601px" /></figure>
</div>



<div class="wp-block-column is-layout-flow wp-block-column-is-layout-flow" style="flex-basis:33.33%">
<p>Com a ADP pretende‐se que as famílias desenvolvam atitudes críticas, refletidas e responsáveis no uso de tecnologias, ambientes e serviços digitais, que desenvolvam competências de pesquisa e de análise de informação disponível na Internet e que melhorem as capacidades de comunicar de forma adequada, aquando da utilização de dispositivos e de recursos digitais. Pretende-se também ajudar as famílias a adotarem atitudes críticas e conscientes, permitindo-lhes tomar decisões que favoreçam a poupança de energia e um consumo adequado de recursos naturais. Numa fase de acentuada digitalização da sociedade, também as escolas se encontram envolvidas em processos de modernização tecnológica, não só numa ótica de desenvolvimento organizacional, mas também com o intuito de fomentar a inovação e o desenvolvimento do sistema educativo, através da integração transversal das tecnologias digitais nas diferentes áreas curriculares dos ensinos básico e secundário, com vista à melhoria contínua da qualidade das aprendizagens. Como tal, é fundamental que pais e encarregados de educação estejam capacitados e aptos a acompanharem os seus filhos numa utilização segura e saudável das tecnologias digitais e da Internet.</p>
</div>
</div>



<p></p>



<p></p>

<p>ACADEMIA DIGITAL PARA PAIS O Programa Academia Digital para Pais (ADP) é uma iniciativa da E‐REDES, desenvolvida em parceria com o Instituto de Educação, Qualidade e Avaliação, I.P. (EduQA, I.P.), que dá a possibilidade aos pais e aos encarregados de educação, de alunos do ensino básico e do ensino secundário, de frequentarem ações de formação&#8230;</p>
